9
Calculate the remainder when 4792651 is divided by 13.
6
Calculate the remainder when 832315 is divided by 1862.
1
What is the remainder when 95081 is divided by 4391?
2870
What is the remainder when 36122 is divided by 3516?
962
What is the remainder when 3681 is divided by 761?
637
What is the remainder when 29545341 is divided by 145?
141
Calculate the remainder when 403680 is divided by 761.
350
Calculate the remainder when 649089 is divided by 76.
49
What is the remainder when 24679 is divided by 2405?
629
What is the remainder when 11726411 is divided by 842?
719
What is the remainder when 5731035 is divided by 823?
486
Calculate the remainder when 14893 is divided by 6661.
1571
Calculate the remainder when 2883129 is divided by 84797.
31
Calculate the remainder when 1957906 is divided by 2200.
2106
What is the remainder when 139694 is divided by 23267?
92
What is the remainder when 156850 is divided by 255?
25
Calculate the remainder when 6504373 is divided by 39.
31
Calculate the remainder when 609965 is divided by 202702.
1859
What is the remainder when 235852305 is divided by 4367635?
15
Calculate the remainder when 6687645 is divided by 28458.
15
What is the remainder when 4877690 is divided by 101?
97
What is the remainder when 672398 is divided by 167421?
2714
What is the remainder when 251309 is divided by 1908?
1361
What is the remainder when 825224 is divided by 101?
54
Calculate the remainder when 7053654 is divided by 21.
6
Calculate the remainder when 2432159 is divided by 914.
5
What is the remainder when 296334 is divided by 7597?
51
What is the remainder when 1939013 is divided by 4262?
4065
Calculate the remainder when 633172 is divided by 352.
276
Calculate the remainder when 56179 is divided by 55672.
507
What is the remainder when 12129751 is divided by 107?
17
What is the remainder when 114525 is divided by 30?
15
Calculate the remainder when 672286 is divided by 61115.
21
What is the remainder when 36163157 is divided by 10?
7
What is the remainder when 34792223 is divided by 418?
411
What is the remainder when 1968171 is divided by 655804?
759
Calculate the remainder when 94356 is divided by 23263.
1304
Calculate the remainder when 227389 is divided by 818.
803
Calculate the remainder when 239692 is divided by 15979.
7
What is the remainder when 1196591 is divided by 61?
15
What is the remainder when 2969750 is divided by 5?
0
Calculate the remainder when 115312 is divided by 1056.
208
Calculate the remainder when 558091926 is divided by 1210.
1206
Calculate the remainder when 4841813 is divided by 62.
47
Calculate the remainder when 821158 is divided by 120.
118
What is the remainder when 371789 is divided by 5023?
87
Calculate the remainder when 4849799 is divided by 5.
4
What is the remainder when 882052 is divided by 472?
356
What is the remainder when 466283 is divided by 77614?
599
Calculate the remainder when 696431 is divided by 44.
43
Calculate the remainder when 226087 is divided by 2689.
211
Calculate the remainder when 1128923 is divided by 188153.
5
Calculate the remainder when 219828 is divided by 510.
18
What is the remainder when 91810 is divided by 1377?
928
What is the remainder when 61525818 is divided by 359800?
18
What is the remainder when 14509115 is divided by 72910?
25
Calculate the remainder when 1633418 is divided by 125645.
33
What is the remainder when 12322329 is divided by 6161145?
39
What is the remainder when 41890 is divided by 2601?
274
Calculate the remainder when 3906625 is divided by 351.
346
What is the remainder when 710743 is divided by 355336?
71
What is the remainder when 6599720 is divided by 13?
10
Calculate the remainder when 4699737 is divided by 219.
216
What is the remainder when 1804975 is divided by 3380?
55
Calculate the remainder when 193605 is divided by 5941.
3493
Calculate the remainder when 683866919 is divided by 219.
218
Calculate the remainder when 134305 is divided by 134031.
274
Calculate the remainder when 755743 is divided by 42.
37
What is the remainder when 111633 is divided by 775?
33
What is the remainder when 12045396 is divided by 3041?
3036
What is the remainder when 1158893 is divided by 405?
188
What is the remainder when 15341035 is divided by 3098?
2837
Calculate the remainder when 3324387 is divided by 55406.
27
What is the remainder when 713691 is divided by 356826?
39
Calculate the remainder when 7283981 is divided by 7283931.
50
What is the remainder when 105967985 is divided by 21193585?
60
Calculate the remainder when 24195932 is divided by 77.
68
Calculate the remainder when 47907403 is divided by 38.
5
Calculate the remainder when 38246 is divided by 721.
33
What is the remainder when 7120924 is divided by 364?
356
Calculate the remainder when 251916 is divided by 1656.
204
Calculate the remainder when 766145 is divided by 33309.
38
Calculate the remainder when 1296043 is divided by 1058.
1051
Calculate the remainder when 3171131 is divided by 1017.
125
Calculate the remainder when 2639110 is divided by 220.
210
What is the remainder when 170064 is divided by 11259?
1179
What is the remainder when 42879424 is divided by 43?
39
Calculate the remainder when 6985965 is divided by 11.
8
Calculate the remainder when 760373 is divided by 1451.
49
What is the remainder when 334342 is divided by 11142?
82
What is the remainder when 919033 is divided by 8589?
10
Calculate the remainder when 1586729 is divided by 5971.
4414
Calculate the remainder when 58320 is divided by 1002.
204
What is the remainder when 6607273 is divided by 536?
1
What is the remainder when 835708 is divided by 2122?
1762
Calculate the remainder when 1092544 is divided by 218504.
24
Calculate the remainder when 10123850 is divided by 73.
64
What is the remainder when 44951975 is divided by 24?
23
What is the remainder when 222203431 is divided by 8?
7
What is the remainder when 443297 is divided by 247?
179
What is the remainder when 1711712 is divided by 4768?
0
Calculate the remainder when 50148 is divided by 49967.
181
What is the remainder when 26785602 is divided by 146?
4
What is the remainder when 1846303 is divided by 45016?
647
What is the remainder when 34634006 is divided by 164?
158
What is the remainder when 21349991 is divided by 111780?
11
What is the remainder when 1227428 is divided by 28?
20
What is the remainder when 16470517 is divided by 30?
7
Calculate the remainder when 720501 is divided by 240159.
24
What is the remainder when 3911 is divided by 3542?
369
Calculate the remainder when 30464822 is divided by 496.
6
Calculate the remainder when 489312 is divided by 30574.
128
What is the remainder when 528642 is divided by 1545?
252
Calculate the remainder when 1551 is divided by 1178.
373
Calculate the remainder when 195414105 is divided by 39082812.
45
What is the remainder when 71826 is divided by 35786?
254
What is the remainder when 1685990 is divided by 14656?
550
What is the remainder when 3034136 is divided by 1063?
334
What is the remainder when 15595014 is divided by 384?
6
What is the remainder when 1278248 is divided by 638842?
564
Calculate the remainder when 77630 is divided by 6713.
3787
Calculate the remainder when 45155852 is divided by 4262.
4224
What is the remainder when 1674241 is divided by 9?
7
What is the remainder when 8267676 is divided by 917?
4
Calculate the remainder when 602155 is divided by 1252.
1195
What is the remainder when 30660201 is divided by 98?
19
Calculate the remainder when 425567 is divided by 425182.
385
Calculate the remainder when 302631 is divided by 936.
303
Calculate the remainder when 162184 is divided by 162159.
25
What is the remainder when 617819 is divided by 476?
447
Calculate the remainder when 1461274 is divided by 50.
24
What is the remainder when 121388122 is divided by 1671?
1669
What is the remainder when 381913 is divided by 127299?
16
What is the remainder when 39333 is divided by 6434?
729
Calculate the remainder when 31200719 is divided by 662.
659
Calculate the remainder when 1996699 is divided by 528.
331
Calculate the remainder when 16364 is divided by 1758.
542
What is the remainder when 20214476 is divided by 88?
84
What is the remainder when 13734620 is divided by 237?
233